{"id":7316,"date":"2019-10-08T15:48:32","date_gmt":"2019-10-08T13:48:32","guid":{"rendered":"https:\/\/www.1a-yachtcharter.de\/blog\/?page_id=7316"},"modified":"2023-10-16T13:06:16","modified_gmt":"2023-10-16T11:06:16","slug":"newsletter-anmeldung","status":"publish","type":"page","link":"https:\/\/www.1a-yachtcharter.de\/blog\/newsletter-anmeldung\/","title":{"rendered":"Newsletter-Anmeldung"},"content":{"rendered":"<!-- PMB print buttons is only displayed on a single post\/page URLs--><div><script>(function() {\n\twindow.mc4wp = window.mc4wp || {\n\t\tlisteners: [],\n\t\tforms: {\n\t\t\ton: function(evt, cb) {\n\t\t\t\twindow.mc4wp.listeners.push(\n\t\t\t\t\t{\n\t\t\t\t\t\tevent   : evt,\n\t\t\t\t\t\tcallback: cb\n\t\t\t\t\t}\n\t\t\t\t);\n\t\t\t}\n\t\t}\n\t}\n})();\n<\/script><!-- Mailchimp for WordPress v4.10.2 - https:\/\/wordpress.org\/plugins\/mailchimp-for-wp\/ --><form id=\"mc4wp-form-1\" class=\"mc4wp-form mc4wp-form-7315 mc4wp-form-theme mc4wp-form-theme-light\" method=\"post\" data-id=\"7315\" data-name=\"1a Yachtcharter Newsletter\" ><div class=\"mc4wp-form-fields\"><p>\r\n    <label>Vorname<\/label>\r\n    <input type=\"text\" name=\"FNAME\" required=\"\">\r\n<\/p>\r\n<p>\r\n    <label>Nachname<\/label>\r\n    <input type=\"text\" name=\"LNAME\" required=\"\">\r\n<\/p>\r\n<p>\r\n\t<label>E-Mail: \r\n\t\t<input type=\"email\" name=\"EMAIL\" required \/>\r\n<\/label>\r\n<\/p>\r\n<p>\r\n    <input type=\"submit\" value=\"Abonnieren\">\r\n<\/p><\/div><label style=\"display: none !important;\">Leave this field empty if you're human: <input type=\"text\" name=\"_mc4wp_honeypot\" value=\"\" tabindex=\"-1\" autocomplete=\"off\" \/><\/label><input type=\"hidden\" name=\"_mc4wp_timestamp\" value=\"1777749980\" \/><input type=\"hidden\" name=\"_mc4wp_form_id\" value=\"7315\" \/><input type=\"hidden\" name=\"_mc4wp_form_element_id\" value=\"mc4wp-form-1\" \/><div class=\"mc4wp-response\"><\/div><\/form><!-- \/ Mailchimp for WordPress Plugin --><\/div>\n<div>&nbsp;<\/div>\n<div>Bleiben Sie auf dem Laufenden! Im kostenlosen 1a-Yachtcharter-Newsletter informieren wir Sie zum Beispiel \u00fcber<\/div>\n<div>&nbsp;<\/div>\n<div>\n<ul>\n<li>Reviervorstellungen und T\u00f6rnvorschl\u00e4ge<\/li>\n<li>Wissenswertes rund ums Segeln und Chartern<\/li>\n<li>Tipps f\u00fcr den Segelurlaub und die T\u00f6rnplanung<\/li>\n<li>interessante Charteryachtmodelle<\/li>\n<li>Aktuelles aus der Charterbranche<\/li>\n<li>anstehende Events<\/li>\n<\/ul>\n<p>Sie k\u00f6nnen diesen Service in jedem Newsletter wieder abbestellen. Hier geht es zur <a href=\"https:\/\/www.1a-yachtcharter.de\/blog\/datenschutzerklaerung-newsletter\/\" target=\"_blank\" rel=\"noopener noreferrer\">Datenschutzerkl\u00e4rung<\/a>.<\/p>\n<p>Segel setzen mit 1a Yachtcharter!<\/p>\n<a class=\"g7-social\" href=\"https:\/\/de-de.facebook.com\/1a.Yachtcharter\" target=\"_blank\"><img decoding=\"async\" src=\"https:\/\/www.1a-yachtcharter.de\/blog\/wp-content\/plugins\/g7-shortcodes\/images\/social\/32px\/facebook.png\" alt=\"facebook\" width=\"32\" height=\"32\"><\/a>&nbsp; <a class=\"g7-social\" href=\"https:\/\/www.instagram.com\/1ayachtcharter\" target=\"_blank\"><img decoding=\"async\" src=\"https:\/\/www.1a-yachtcharter.de\/blog\/wp-content\/plugins\/g7-shortcodes\/images\/social\/32px\/instagram.png\" alt=\"instagram\" width=\"32\" height=\"32\"><\/a>&nbsp; <a class=\"g7-social\" href=\"https:\/\/www.1a-yachtcharter.de\/blog\/\" target=\"_blank\"><img decoding=\"async\" src=\"https:\/\/www.1a-yachtcharter.de\/blog\/wp-content\/plugins\/g7-shortcodes\/images\/social\/32px\/wordpress.png\" alt=\"wordpress\" width=\"32\" height=\"32\"><\/a>&nbsp;<\/p>\n<\/div>\n<div class=\"remoji_bar\"><div class=\"remoji_container\" data-remoji-id=\"7316\" data-remoji-type=\"post\" data-remoji-name=\"wink\"><img decoding=\"async\" src=\"https:\/\/www.1a-yachtcharter.de\/blog\/wp-content\/plugins\/remoji\/data\/emoji\/1f609.svg\"><span class=\"remoji_count\">4<\/span><\/div><div class=\"remoji_container\" data-remoji-id=\"7316\" data-remoji-type=\"post\" data-remoji-name=\"grinning\"><img decoding=\"async\" src=\"https:\/\/www.1a-yachtcharter.de\/blog\/wp-content\/plugins\/remoji\/data\/emoji\/1f600.svg\"><span class=\"remoji_count\">3<\/span><\/div><div class=\"remoji_container\" data-remoji-id=\"7316\" data-remoji-type=\"post\" data-remoji-name=\"slightly_smiling_face\"><img decoding=\"async\" src=\"https:\/\/www.1a-yachtcharter.de\/blog\/wp-content\/plugins\/remoji\/data\/emoji\/1f642.svg\"><span class=\"remoji_count\">3<\/span><\/div><div class=\"remoji_container\" data-remoji-id=\"7316\" data-remoji-type=\"post\" data-remoji-name=\"joy\"><img decoding=\"async\" src=\"https:\/\/www.1a-yachtcharter.de\/blog\/wp-content\/plugins\/remoji\/data\/emoji\/1f602.svg\"><span class=\"remoji_count\">3<\/span><\/div><div class=\"remoji_container\" data-remoji-id=\"7316\" data-remoji-type=\"post\" data-remoji-name=\"laughing\"><img decoding=\"async\" src=\"https:\/\/www.1a-yachtcharter.de\/blog\/wp-content\/plugins\/remoji\/data\/emoji\/1f606.svg\"><span class=\"remoji_count\">3<\/span><\/div><div class=\"remoji_container\" data-remoji-id=\"7316\" data-remoji-type=\"post\" data-remoji-name=\"ok_hand\"><img decoding=\"async\" src=\"https:\/\/www.1a-yachtcharter.de\/blog\/wp-content\/plugins\/remoji\/data\/emoji\/1f44c.svg\"><span class=\"remoji_count\">1<\/span><\/div><div class=\"remoji_container\" data-remoji-id=\"7316\" data-remoji-type=\"post\" data-remoji-name=\"mask\"><img decoding=\"async\" src=\"https:\/\/www.1a-yachtcharter.de\/blog\/wp-content\/plugins\/remoji\/data\/emoji\/1f637.svg\"><span class=\"remoji_count\">1<\/span><\/div><div class=\"remoji_container\" data-remoji-id=\"7316\" data-remoji-type=\"post\" data-remoji-name=\"thumbsup\"><img decoding=\"async\" src=\"https:\/\/www.1a-yachtcharter.de\/blog\/wp-content\/plugins\/remoji\/data\/emoji\/1f44d.svg\"><span class=\"remoji_count\">1<\/span><\/div><div class=\"remoji_add_container\" data-remoji-id=\"7316\" data-remoji-type=\"post\"><div class=\"remoji_add_icon\"><\/div><\/div><div class=\"remoji_error_bar\" data-remoji-id=\"7316\" data-remoji-type=\"post\" style=\"display: none;\">Error happened.<\/div><\/div>","protected":false},"excerpt":{"rendered":"<p>&nbsp; Bleiben Sie auf dem Laufenden! Im kostenlosen 1a-Yachtcharter-Newsletter informieren wir Sie zum Beispiel \u00fcber &nbsp; Reviervorstellungen und T\u00f6rnvorschl\u00e4ge Wissenswertes rund ums Segeln und Chartern Tipps f\u00fcr den Segelurlaub und die T\u00f6rnplanung interessante Charteryachtmodelle Aktuelles aus der Charterbranche anstehende Events Sie k\u00f6nnen diesen Service in jedem Newsletter wieder abbestellen. Hier geht es zur Datenschutzerkl\u00e4rung. Segel setzen mit 1a Yachtcharter! &nbsp; &nbsp; &nbsp; 43333111Error happened.<\/p>\n","protected":false},"author":12,"featured_media":0,"parent":0,"menu_order":0,"comment_status":"closed","ping_status":"closed","template":"","meta":{"_monsterinsights_skip_tracking":false,"_monsterinsights_sitenote_active":false,"_monsterinsights_sitenote_note":"","_monsterinsights_sitenote_category":0,"ngg_post_thumbnail":0,"footnotes":""},"class_list":["post-7316","page","type-page","status-publish","hentry"],"aioseo_notices":[],"_links":{"self":[{"href":"https:\/\/www.1a-yachtcharter.de\/blog\/wp-json\/wp\/v2\/pages\/7316","targetHints":{"allow":["GET"]}}],"collection":[{"href":"https:\/\/www.1a-yachtcharter.de\/blog\/wp-json\/wp\/v2\/pages"}],"about":[{"href":"https:\/\/www.1a-yachtcharter.de\/blog\/wp-json\/wp\/v2\/types\/page"}],"author":[{"embeddable":true,"href":"https:\/\/www.1a-yachtcharter.de\/blog\/wp-json\/wp\/v2\/users\/12"}],"replies":[{"embeddable":true,"href":"https:\/\/www.1a-yachtcharter.de\/blog\/wp-json\/wp\/v2\/comments?post=7316"}],"version-history":[{"count":12,"href":"https:\/\/www.1a-yachtcharter.de\/blog\/wp-json\/wp\/v2\/pages\/7316\/revisions"}],"predecessor-version":[{"id":12137,"href":"https:\/\/www.1a-yachtcharter.de\/blog\/wp-json\/wp\/v2\/pages\/7316\/revisions\/12137"}],"wp:attachment":[{"href":"https:\/\/www.1a-yachtcharter.de\/blog\/wp-json\/wp\/v2\/media?parent=7316"}],"curies":[{"name":"wp","href":"https:\/\/api.w.org\/{rel}","templated":true}]}}